{"id":409,"date":"2019-11-11T08:37:45","date_gmt":"2019-11-11T08:37:45","guid":{"rendered":"https:\/\/demo.casethemes.net\/consultio-corporate2\/?page_id=409"},"modified":"2026-04-10T06:07:48","modified_gmt":"2026-04-10T05:07:48","slug":"services-v-2","status":"publish","type":"page","link":"https:\/\/11.weblv.xyz\/index.php\/services-v-2\/","title":{"rendered":"Unsere Leistungen"},"content":{"rendered":"\t\t<div data-elementor-type=\"wp-page\" data-elementor-id=\"409\" class=\"elementor elementor-409\">\n\t\t\t\t        <section class=\"elementor-section elementor-top-section elementor-element elementor-element-b72d907 elementor-section-stretched elementor-section-boxed elementor-section-height-default elementor-section-height-default ct-header-fixed-none ct-row-max-none\" data-id=\"b72d907\" data-element_type=\"section\" data-settings=\"{&quot;stretch_section&quot;:&quot;section-stretched&quot;,&quot;background_background&quot;:&quot;classic&quot;}\">\n            \n                        <div class=\"elementor-container elementor-column-gap-narrow \">\n                    <div class=\"elementor-column elementor-col-50 elementor-top-column elementor-element elementor-element-dd7703b elementor-invisible\" data-id=\"dd7703b\" data-element_type=\"column\" data-settings=\"{&quot;animation&quot;:&quot;zoomIn&quot;,&quot;background_background&quot;:&quot;classic&quot;}\">\n        <div class=\"elementor-widget-wrap elementor-element-populated\">\n                    \n        \t\t<div class=\"elementor-element elementor-element-e05780b elementor-widget elementor-widget-image\" data-id=\"e05780b\" data-element_type=\"widget\" data-widget_type=\"image.default\">\n\t\t\t\t<div class=\"elementor-widget-container\">\n\t\t\t<style>\/*! elementor - v3.23.0 - 05-08-2024 *\/\n.elementor-widget-image{text-align:center}.elementor-widget-image a{display:inline-block}.elementor-widget-image a img[src$=\".svg\"]{width:48px}.elementor-widget-image img{vertical-align:middle;display:inline-block}<\/style>\t\t\t\t\t\t\t\t\t\t<img fetchpriority=\"high\" decoding=\"async\" width=\"480\" height=\"320\" src=\"https:\/\/11.weblv.xyz\/wp-content\/uploads\/2026\/04\/i-2026-04-09T215405.948.webp\" class=\"attachment-large size-large wp-image-5851\" alt=\"\" srcset=\"https:\/\/11.weblv.xyz\/wp-content\/uploads\/2026\/04\/i-2026-04-09T215405.948.webp 480w, https:\/\/11.weblv.xyz\/wp-content\/uploads\/2026\/04\/i-2026-04-09T215405.948-300x200.webp 300w\" sizes=\"(max-width: 480px) 100vw, 480px\" \/>\t\t\t\t\t\t\t\t\t\t\t\t\t<\/div>\n\t\t\t\t<\/div>\n\t\t\t\t<div class=\"elementor-element elementor-element-ff67f80 elementor-widget elementor-widget-ct_heading\" data-id=\"ff67f80\" data-element_type=\"widget\" data-widget_type=\"ct_heading.default\">\n\t\t\t\t<div class=\"elementor-widget-container\">\n\t\t\t<div class=\"ct-heading h-align-center  sub-style1 ct-heading-left item-st-default\">\r\n\t    <h4 class=\"item--title st-default \" data-wow-delay=\"ms\">\r\n                <span class=\"sp-main\">\r\n            \r\n            Komplette Elektroinstallation\r\n            \r\n                    <\/span>\r\n            <\/h4>\r\n<\/div>\t\t<\/div>\n\t\t\t\t<\/div>\n\t\t\t\t<div class=\"elementor-element elementor-element-e0430c7 elementor-widget elementor-widget-text-editor\" data-id=\"e0430c7\" data-element_type=\"widget\" data-widget_type=\"text-editor.default\">\n\t\t\t\t<div class=\"elementor-widget-container\">\n\t\t\t<style>\/*! elementor - v3.23.0 - 05-08-2024 *\/\n.elementor-widget-text-editor.elementor-drop-cap-view-stacked .elementor-drop-cap{background-color:#69727d;color:#fff}.elementor-widget-text-editor.elementor-drop-cap-view-framed .elementor-drop-cap{color:#69727d;border:3px solid;background-color:transparent}.elementor-widget-text-editor:not(.elementor-drop-cap-view-default) .elementor-drop-cap{margin-top:8px}.elementor-widget-text-editor:not(.elementor-drop-cap-view-default) .elementor-drop-cap-letter{width:1em;height:1em}.elementor-widget-text-editor .elementor-drop-cap{float:left;text-align:center;line-height:1;font-size:50px}.elementor-widget-text-editor .elementor-drop-cap-letter{display:inline-block}<\/style>\t\t\t\t<p>Wir bieten umfassende Elektroinstallationsleistungen f\u00fcr Produktionshallen, B\u00fcrogeb\u00e4ude, Wohnanlagen und Apartmentkomplexe. Unsere Leistungen umfassen Verkabelung, Beleuchtungssysteme, Stromverteilung und Systeminbetriebnahme \u2013 alles ausgef\u00fchrt nach strengen Sicherheits- und Qualit\u00e4tsstandards. Wir gew\u00e4hrleisten zuverl\u00e4ssige, effiziente und skalierbare L\u00f6sungen, die individuell auf jedes Projekt zugeschnitten sind.<\/p>\t\t\t\t\t\t<\/div>\n\t\t\t\t<\/div>\n\t\t\t\t<div class=\"elementor-element elementor-element-49ef70a elementor-align-center elementor-widget elementor-widget-ct_button\" data-id=\"49ef70a\" data-element_type=\"widget\" data-widget_type=\"ct_button.default\">\n\t\t\t\t<div class=\"elementor-widget-container\">\n\t\t\t<div class=\"ct-button-wrapper ct-button-layout1 icon- btn--inline \">\r\n            <span class=\"ct-icon-active\"><\/span>\r\n        <a href=\"https:\/\/11.weblv.xyz\/index.php\/contact-v-4\/\" class=\"btn btn-default icon-active btn-inline-block  \" data-wow-delay=\"ms\">\r\n                            <span class=\"ct-button-icon ct-align-icon-\">\r\n                            <\/span>\r\n                <span class=\"ct-button-text\">Kontaktieren Sie uns noch heute<\/span>\r\n    <\/a>\r\n<\/div>\t\t<\/div>\n\t\t\t\t<\/div>\n\t\t            <\/div>\n        <\/div>\n                <div class=\"elementor-column elementor-col-50 elementor-top-column elementor-element elementor-element-a9bba6c elementor-invisible\" data-id=\"a9bba6c\" data-element_type=\"column\" data-settings=\"{&quot;animation&quot;:&quot;zoomIn&quot;,&quot;background_background&quot;:&quot;classic&quot;}\">\n        <div class=\"elementor-widget-wrap elementor-element-populated\">\n                    \n        \t\t<div class=\"elementor-element elementor-element-5730269 elementor-widget elementor-widget-image\" data-id=\"5730269\" data-element_type=\"widget\" data-widget_type=\"image.default\">\n\t\t\t\t<div class=\"elementor-widget-container\">\n\t\t\t\t\t\t\t\t\t\t\t\t\t<img decoding=\"async\" width=\"640\" height=\"427\" src=\"https:\/\/11.weblv.xyz\/wp-content\/uploads\/2026\/04\/img_14566accfe13303e3740d529e8d7a9ce.jpeg\" class=\"attachment-large size-large wp-image-5840\" alt=\"\" srcset=\"https:\/\/11.weblv.xyz\/wp-content\/uploads\/2026\/04\/img_14566accfe13303e3740d529e8d7a9ce.jpeg 900w, https:\/\/11.weblv.xyz\/wp-content\/uploads\/2026\/04\/img_14566accfe13303e3740d529e8d7a9ce-300x200.jpeg 300w, https:\/\/11.weblv.xyz\/wp-content\/uploads\/2026\/04\/img_14566accfe13303e3740d529e8d7a9ce-768x512.jpeg 768w\" sizes=\"(max-width: 640px) 100vw, 640px\" \/>\t\t\t\t\t\t\t\t\t\t\t\t\t<\/div>\n\t\t\t\t<\/div>\n\t\t\t\t<div class=\"elementor-element elementor-element-efd08a7 elementor-widget elementor-widget-ct_heading\" data-id=\"efd08a7\" data-element_type=\"widget\" data-widget_type=\"ct_heading.default\">\n\t\t\t\t<div class=\"elementor-widget-container\">\n\t\t\t<div class=\"ct-heading h-align-center  sub-style1 ct-heading-left item-st-default\">\r\n\t    <h4 class=\"item--title st-default \" data-wow-delay=\"ms\">\r\n                <span class=\"sp-main\">\r\n            \r\n            Kabelziehen\r\n            \r\n                    <\/span>\r\n            <\/h4>\r\n<\/div>\t\t<\/div>\n\t\t\t\t<\/div>\n\t\t\t\t<div class=\"elementor-element elementor-element-cc145b9 elementor-widget elementor-widget-text-editor\" data-id=\"cc145b9\" data-element_type=\"widget\" data-widget_type=\"text-editor.default\">\n\t\t\t\t<div class=\"elementor-widget-container\">\n\t\t\t\t\t\t\t<p>Unsere Kabelziehdienstleistungen gew\u00e4hrleisten die sichere und effiziente Installation von Elektrokabeln in allen Umgebungen. Mit moderner Ausr\u00fcstung und bew\u00e4hrten Verfahren realisieren wir Projekte jeder Gr\u00f6\u00dfenordnung \u2013 von kleinen Installationen bis hin zu gro\u00dfen Industrieanlagen. Wir legen Wert auf Risikominimierung, die Gew\u00e4hrleistung der Kabelintegrit\u00e4t und die korrekte Kabelf\u00fchrung f\u00fcr langfristige Leistung und Zuverl\u00e4ssigkeit.<\/p>\t\t\t\t\t\t<\/div>\n\t\t\t\t<\/div>\n\t\t\t\t<div class=\"elementor-element elementor-element-251069b elementor-align-center elementor-widget elementor-widget-ct_button\" data-id=\"251069b\" data-element_type=\"widget\" data-widget_type=\"ct_button.default\">\n\t\t\t\t<div class=\"elementor-widget-container\">\n\t\t\t<div class=\"ct-button-wrapper ct-button-layout1 icon- btn--inline \">\r\n            <span class=\"ct-icon-active\"><\/span>\r\n        <a href=\"https:\/\/11.weblv.xyz\/index.php\/contact-v-4\/\" class=\"btn btn-default icon-active btn-inline-block  \" data-wow-delay=\"ms\">\r\n                            <span class=\"ct-button-icon ct-align-icon-\">\r\n                            <\/span>\r\n                <span class=\"ct-button-text\">Kontaktieren Sie uns noch heute<\/span>\r\n    <\/a>\r\n<\/div>\t\t<\/div>\n\t\t\t\t<\/div>\n\t\t            <\/div>\n        <\/div>\n                    <\/div>\n        <\/section>\n                <section class=\"elementor-section elementor-top-section elementor-element elementor-element-58427e2 elementor-section-stretched elementor-section-boxed elementor-section-height-default elementor-section-height-default ct-header-fixed-none ct-row-max-none\" data-id=\"58427e2\" data-element_type=\"section\" data-settings=\"{&quot;stretch_section&quot;:&quot;section-stretched&quot;,&quot;background_background&quot;:&quot;classic&quot;}\">\n            \n                        <div class=\"elementor-container elementor-column-gap-narrow \">\n                    <div class=\"elementor-column elementor-col-50 elementor-top-column elementor-element elementor-element-35020d2 elementor-invisible\" data-id=\"35020d2\" data-element_type=\"column\" data-settings=\"{&quot;animation&quot;:&quot;zoomIn&quot;,&quot;background_background&quot;:&quot;classic&quot;}\">\n        <div class=\"elementor-widget-wrap elementor-element-populated\">\n                    \n        \t\t<div class=\"elementor-element elementor-element-a6c80a4 elementor-widget elementor-widget-image\" data-id=\"a6c80a4\" data-element_type=\"widget\" data-widget_type=\"image.default\">\n\t\t\t\t<div class=\"elementor-widget-container\">\n\t\t\t\t\t\t\t\t\t\t\t\t\t<img decoding=\"async\" width=\"480\" height=\"320\" src=\"https:\/\/11.weblv.xyz\/wp-content\/uploads\/2026\/04\/i-2026-04-09T214810.191.webp\" class=\"attachment-large size-large wp-image-5836\" alt=\"\" srcset=\"https:\/\/11.weblv.xyz\/wp-content\/uploads\/2026\/04\/i-2026-04-09T214810.191.webp 480w, https:\/\/11.weblv.xyz\/wp-content\/uploads\/2026\/04\/i-2026-04-09T214810.191-300x200.webp 300w\" sizes=\"(max-width: 480px) 100vw, 480px\" \/>\t\t\t\t\t\t\t\t\t\t\t\t\t<\/div>\n\t\t\t\t<\/div>\n\t\t\t\t<div class=\"elementor-element elementor-element-89cdaab elementor-widget elementor-widget-ct_heading\" data-id=\"89cdaab\" data-element_type=\"widget\" data-widget_type=\"ct_heading.default\">\n\t\t\t\t<div class=\"elementor-widget-container\">\n\t\t\t<div class=\"ct-heading h-align-center  sub-style1 ct-heading-left item-st-default\">\r\n\t    <h4 class=\"item--title st-default \" data-wow-delay=\"ms\">\r\n                <span class=\"sp-main\">\r\n            \r\n            Anschlie\u00dfen von Elektroverteilern\r\n            \r\n                    <\/span>\r\n            <\/h4>\r\n<\/div>\t\t<\/div>\n\t\t\t\t<\/div>\n\t\t\t\t<div class=\"elementor-element elementor-element-cb8331c elementor-widget elementor-widget-text-editor\" data-id=\"cb8331c\" data-element_type=\"widget\" data-widget_type=\"text-editor.default\">\n\t\t\t\t<div class=\"elementor-widget-container\">\n\t\t\t\t\t\t\t<p>Unser Team ist auf die Installation und den Anschluss von elektrischen Verteilungssystemen spezialisiert. Wir gew\u00e4hrleisten pr\u00e4zise Installation, sichere Verbindungen und gr\u00fcndliche Tests, um eine stabile und effiziente Stromverteilung in Industrie-, Gewerbe- und Wohngeb\u00e4uden sicherzustellen.<\/p>\t\t\t\t\t\t<\/div>\n\t\t\t\t<\/div>\n\t\t\t\t<div class=\"elementor-element elementor-element-84d8448 elementor-align-center elementor-widget elementor-widget-ct_button\" data-id=\"84d8448\" data-element_type=\"widget\" data-widget_type=\"ct_button.default\">\n\t\t\t\t<div class=\"elementor-widget-container\">\n\t\t\t<div class=\"ct-button-wrapper ct-button-layout1 icon- btn--inline \">\r\n            <span class=\"ct-icon-active\"><\/span>\r\n        <a href=\"https:\/\/11.weblv.xyz\/index.php\/contact-v-4\/\" class=\"btn btn-default icon-active btn-inline-block  \" data-wow-delay=\"ms\">\r\n                            <span class=\"ct-button-icon ct-align-icon-\">\r\n                            <\/span>\r\n                <span class=\"ct-button-text\">Kontaktieren Sie uns noch heute<\/span>\r\n    <\/a>\r\n<\/div>\t\t<\/div>\n\t\t\t\t<\/div>\n\t\t            <\/div>\n        <\/div>\n                <div class=\"elementor-column elementor-col-50 elementor-top-column elementor-element elementor-element-b35389f elementor-invisible\" data-id=\"b35389f\" data-element_type=\"column\" data-settings=\"{&quot;animation&quot;:&quot;zoomIn&quot;,&quot;background_background&quot;:&quot;classic&quot;}\">\n        <div class=\"elementor-widget-wrap elementor-element-populated\">\n                    \n        \t\t<div class=\"elementor-element elementor-element-32cb920 elementor-widget elementor-widget-image\" data-id=\"32cb920\" data-element_type=\"widget\" data-widget_type=\"image.default\">\n\t\t\t\t<div class=\"elementor-widget-container\">\n\t\t\t\t\t\t\t\t\t\t\t\t\t<img loading=\"lazy\" decoding=\"async\" width=\"480\" height=\"320\" src=\"https:\/\/11.weblv.xyz\/wp-content\/uploads\/2026\/04\/i-2026-04-09T215101.246.webp\" class=\"attachment-large size-large wp-image-5844\" alt=\"\" srcset=\"https:\/\/11.weblv.xyz\/wp-content\/uploads\/2026\/04\/i-2026-04-09T215101.246.webp 480w, https:\/\/11.weblv.xyz\/wp-content\/uploads\/2026\/04\/i-2026-04-09T215101.246-300x200.webp 300w\" sizes=\"(max-width: 480px) 100vw, 480px\" \/>\t\t\t\t\t\t\t\t\t\t\t\t\t<\/div>\n\t\t\t\t<\/div>\n\t\t\t\t<div class=\"elementor-element elementor-element-f66f490 elementor-widget elementor-widget-ct_heading\" data-id=\"f66f490\" data-element_type=\"widget\" data-widget_type=\"ct_heading.default\">\n\t\t\t\t<div class=\"elementor-widget-container\">\n\t\t\t<div class=\"ct-heading h-align-center  sub-style1 ct-heading-left item-st-default\">\r\n\t    <h4 class=\"item--title st-default \" data-wow-delay=\"ms\">\r\n                <span class=\"sp-main\">\r\n            \r\n            Projektmanagement\r\n            \r\n                    <\/span>\r\n            <\/h4>\r\n<\/div>\t\t<\/div>\n\t\t\t\t<\/div>\n\t\t\t\t<div class=\"elementor-element elementor-element-f9b3ac8 elementor-widget elementor-widget-text-editor\" data-id=\"f9b3ac8\" data-element_type=\"widget\" data-widget_type=\"text-editor.default\">\n\t\t\t\t<div class=\"elementor-widget-container\">\n\t\t\t\t\t\t\t<p>Wir bieten umfassende Projektmanagementleistungen und betreuen alle Phasen von Elektroinstallationen \u2013 von der Planung bis zur Fertigstellung. Unser Fokus liegt auf termingerechter Lieferung, Kostenkontrolle und reibungsloser Koordination, damit jedes Projekt die Erwartungen unserer Kunden und die Branchenstandards erf\u00fcllt.<\/p>\t\t\t\t\t\t<\/div>\n\t\t\t\t<\/div>\n\t\t\t\t<div class=\"elementor-element elementor-element-d37a366 elementor-align-center elementor-widget elementor-widget-ct_button\" data-id=\"d37a366\" data-element_type=\"widget\" data-widget_type=\"ct_button.default\">\n\t\t\t\t<div class=\"elementor-widget-container\">\n\t\t\t<div class=\"ct-button-wrapper ct-button-layout1 icon- btn--inline \">\r\n            <span class=\"ct-icon-active\"><\/span>\r\n        <a href=\"https:\/\/11.weblv.xyz\/index.php\/contact-v-4\/\" class=\"btn btn-default icon-active btn-inline-block  \" data-wow-delay=\"ms\">\r\n                            <span class=\"ct-button-icon ct-align-icon-\">\r\n                            <\/span>\r\n                <span class=\"ct-button-text\">Kontaktieren Sie uns noch heute<\/span>\r\n    <\/a>\r\n<\/div>\t\t<\/div>\n\t\t\t\t<\/div>\n\t\t            <\/div>\n        <\/div>\n                    <\/div>\n        <\/section>\n        \t\t<\/div>\n\t\t","protected":false},"excerpt":{"rendered":"<p>Komplette Elektroinstallation Wir bieten umfassende Elektroinstallationsleistungen f\u00fcr Produktionshallen, B\u00fcrogeb\u00e4ude, Wohnanlagen und Apartmentkomplexe. Unsere Leistungen umfassen Verkabelung, Beleuchtungssysteme, Stromverteilung und Systeminbetriebnahme \u2013 alles ausgef\u00fchrt nach strengen Sicherheits- und Qualit\u00e4tsstandards. Wir gew\u00e4hrleisten zuverl\u00e4ssige, effiziente und skalierbare L\u00f6sungen, die individuell auf jedes Projekt zugeschnitten sind. Kontaktieren Sie uns noch heute Kabelziehen Unsere Kabelziehdienstleistungen gew\u00e4hrleisten die sichere und effiziente [&hellip;]<\/p>\n","protected":false},"author":2,"featured_media":0,"parent":0,"menu_order":0,"comment_status":"closed","ping_status":"closed","template":"","meta":{"footnotes":""},"class_list":["post-409","page","type-page","status-publish","hentry"],"_links":{"self":[{"href":"https:\/\/11.weblv.xyz\/index.php\/wp-json\/wp\/v2\/pages\/409","targetHints":{"allow":["GET"]}}],"collection":[{"href":"https:\/\/11.weblv.xyz\/index.php\/wp-json\/wp\/v2\/pages"}],"about":[{"href":"https:\/\/11.weblv.xyz\/index.php\/wp-json\/wp\/v2\/types\/page"}],"author":[{"embeddable":true,"href":"https:\/\/11.weblv.xyz\/index.php\/wp-json\/wp\/v2\/users\/2"}],"replies":[{"embeddable":true,"href":"https:\/\/11.weblv.xyz\/index.php\/wp-json\/wp\/v2\/comments?post=409"}],"version-history":[{"count":10,"href":"https:\/\/11.weblv.xyz\/index.php\/wp-json\/wp\/v2\/pages\/409\/revisions"}],"predecessor-version":[{"id":5878,"href":"https:\/\/11.weblv.xyz\/index.php\/wp-json\/wp\/v2\/pages\/409\/revisions\/5878"}],"wp:attachment":[{"href":"https:\/\/11.weblv.xyz\/index.php\/wp-json\/wp\/v2\/media?parent=409"}],"curies":[{"name":"wp","href":"https:\/\/api.w.org\/{rel}","templated":true}]}}